 809676. Is m a prime number?
False
Let m be 8/(-10)*((-375)/10)/15. Let x(r) = 901*r**2 + 5*r - 13. Is x(m) prime?
False
Let m = 21307 - 9857. Let z = 19443 - m. Is z composite?
False
Let d(j) = 68*j - 52. Let x(h) = -2*h - 1. Let z(t) = -d(t) + 3*x(t). Is z(-8) composite?
False
Suppose -4*k - 11 = x, 3*k + 4 = x - 6. Let z(j) = -174*j**2 + 6*j + 1. Let v(o) = o - 1. Let r(i) = 4*v(i) - z(i). Is r(k) composite?
False
Let w = 21215 + -7746. Is w a prime number?
True
Let x be 1/((-1)/(-3))*(-2)/3 - -3. Let h(s) be the third derivative of 305*s**4/24 - s**2. Is h(x) prime?
False
Suppose 16412984 = -36*l + 92*l. Is l a prime number?
False
Let z(r) = 788*r**2 - 28*r - 1. Is z(8) a prime number?
True
Suppose 0 = -7*g - 3856 - 1611. Let y = g - -24390. Is y composite?
False
Let o be 6 - (2 - (-1 + 4)). Suppose 2328 = o*h + h. Let p = h - 37. Is p composite?
True
Let p(t) = 24*t + 7. Let r be p(-5). Suppose 55 = -13*q - 452. Let o = q - r. Is o a prime number?
False
Let a(c) = -1319*c**3 + c**2 - 24*c - 13. Is a(-6) composite?
False
Let g(q) = 758*q**2 + 125*q - 77. Is g(9) a prime number?
False
Let v(z) = 265*z**3 - z**2 + 13*z - 22. Let x(u) = 528*u**3 - u**2 + 26*u - 43. Let i(q) = -5*v(q) + 3*x(q). Is i(3) prime?
False
Let c(p) = 951*p**2 + 33*p - 13. Is c(17) a prime number?
False
Let o(r) = -29*r + 688. Let u be o(86). Suppose 258 = 2*q - 5848. Let x = u + q. Is x prime?
False
Suppose 4*p - 273500 = -4*b, -12 + 16 = b. Is p prime?
True
Let b = -149451 + 581230. Is b a prime number?
False
Let r(v) = 84182*v - 199. Is r(1) a composite number?
False
Suppose 11*l = -4*j + 8*l + 54, j = 2*l + 8. Suppose j*h + 26547 = -24981. Let v = h - -6791. Is v prime?
False
Let y(p) = 4*p**2 - 8*p - 1. Suppose 5*a - 235 - 55 = 0. Suppose 0 = q - g - 7, -4*g + a = 5*q + 5. Is y(q) a composite number?
False
Let g(f) = 7*f + 4 - 4 - 1. Let r(u) = 8*u - 1. Let t(y) = -3*g(y) + 2*r(y). Is t(-4) prime?
False
Let m(k) = 413*k**3 - 14*k**2 - 6*k - 7. Let g be m(12). Is 10/12 - g/(-102) a prime number?
True
Suppose 3*r - 4 = -16, j - 2*r - 1924 = 0. Suppose -3*p + 2425 = -4*d, -625 = -3*d + 4*d + 3*p. Let c = j + d. Is c a composite number?
True
Let g(b) = 705*b**2 + 162*b - 208. Is g(21) a prime number?
False
Let b = 210149 + -31792. Is b prime?
False
Let x be -5 - ((-259)/35 + (-4)/(-10)). Suppose 4*h + 2*n - 13836 = 0, 0*h + x*h = -2*n + 6922. Is h a prime number?
True
Let f = -960951 - -2093344. Is f a composite number?
False
Let j(v) = -532105*v - 1234. Is j(-3) a prime number?
True
Let t(y) = -9*y + 86. Let v be t(0). Let g = 451 + v. Is g a composite number?
True
Is ((-144)/(-4))/6*(-38593)/(-6) prime?
True
Let o be 32/(-416) - 942264/26. Let w = o + 57222. Is w composite?
False
Let k = 12659 - 8000. Is k prime?
False
Let y(b) = -24*b + 6. Let s(l) = 8*l - 2. Let f(q) = -10*s(q) - 3*y(q). Let w be f(-1). Is (-1 - 1)*(-415)/w a prime number?
True
Suppose 0*w - 5*w = -u + 30, 45 = 2*u - 5*w. Suppose -10*q = -u*q. Suppose 2*n + 2*s + s - 938 = 0, q = 2*s. Is n a prime number?
False
Let n = 38945 + 8264. Is n a composite number?
True
Suppose 3*k = -2*y - 940, -3*y - 2*k - 1228 = 192. Let p(f) = -20*f**2 - 2*f - 6. Let l be p(-4). Let r = l - y. Is r composite?
True
Let r(j) be the third derivative of -3/4*j**4 + 13/60*j**5 + 0 - 11/6*j**3 + 0*j + 1/120*j**6 - 4*j**2. Is r(-13) prime?
True
Let k(g) = 2297*g + 9. Let a be ((-20)/(-5))/(0 + 1). Is k(a) prime?
False
Let c = 40 + -42. Let z be -47 - (-13 + 9 + (-4)/c). Is 45/z + -1 + -1 + 2284 composite?
False
Let z = 405 + -403. Suppose 31*x = -z*x + 56661. Is x prime?
False
Let c(t) = -340*t**3 - 62*t**2 - 616*t + 83. Is c(-14) prime?
False
Is (-1 + 76754)*(-32 + 33) a composite number?
False
Let o(t) = -876*t + 9. Let a(i) = -437*i + 6. Let z(d) = 5*a(d) - 3*o(d). Suppose -g - 10 = -6*g. Is z(g) a prime number?
False
Suppose -4*k = -8172 - 79868. Let l be k/(-12) - (-11)/66. Let j = 3491 + l. Is j composite?
False
Let b(h) = -14*h + 230. Let n be b(16). Is 15/n*122254/55 a prime number?
True
Suppose 5*f = -5*u + 883136 + 1479114, f + 2362292 = 5*u. Is u composite?
False
Suppose 15978014 = 81*v - 31836043. Is v a composite number?
True
Suppose 3*x + 8020 = 5*b, 0*x = b + x - 1612. Suppose 5*a + 77 - b = 0. Suppose 4*y = -2*y + a. Is y a prime number?
False
Let h be 620/(-70) + -1 - 1/7. Is 25668/28 + (-9)/(315/h) prime?
False
Is 89764/3 - (-3)/((-27)/3) a prime number?
True
Let z be (-61 + 60 - 1/((-3)/381)) + 5. Suppose 3*m + 90 = -3*g, 0*m + 108 = -4*g + 2*m. Let w = z - g. Is w composite?
True
Suppose -3*h - 8 = 2*j - 104, -2*j + 3*h = -84. Suppose 10 = 11*z - j. Suppose 4*t = i - 0*i + 10085, 12600 = z*t + 5*i. Is t a composite number?
False
Let g(k) = -2*k + 35. Is g(-28) a composite number?
True
Suppose 5*o - 2*i = -20, -1 = -o - 3*i + 12. Let b(a) = a**3 - 21*a**2 + 13*a + 111. Let c be b(20). Is c*(0 + 1)/(o/26) composite?
True
Let h(d) = -d**2 + d. Let l(p) = 41*p**2 - 15*p + 5. Suppose 8*v - 18 = 5*v. Let f(i) = v*h(i) + l(i). Is f(7) a prime number?
True
Let p(g) = 48*g**3 - 2*g**2 - 7*g. Suppose 0 = 2*n + 64 + 108. Let l = 89 + n. Is p(l) composite?
True
Is 34/4*313392/24 a prime number?
False
Let v(s) = -100*s + 10. Let r be v(-9). Let z = -421 + r. Let o = z + 52. Is o a composite number?
False
Let i be ((-2208)/40)/(-12) + 2/5. Suppose -q + 1311 = -4*j, -i*q + 0*q - 2*j + 6577 = 0. Is q a prime number?
False
Let k(i) = 8*i - 48. Let l be k(6). Let w be (l - 4)/4 + 15*1. Suppose -w*x + 4798 = -14116. Is x a prime number?
False
Let m be 60 + (2 + -4)*19/38. Let d(j) = 140*j - 443. Is d(m) composite?
False
Let o be (2*21/(-28))/((-6)/8). Let n be ((-3)/(-6))/(1/526). Suppose n = p + o*m, -m = 2*p + 4*m - 523. Is p composite?
False
Let j = 123025 - -35728. Is j prime?
False
Let p(b) = -88*b**3 - 6*b**2 + 2*b - 4. Let l be p(-5). Suppose 1809 - l = -9*i. Let v = i + -518. Is v composite?
True
Let g(k) be the third derivative of 51*k**4/8 - 8*k**3 + 31*k**2. Let n be g(22). Let q = -1267 + n. Is q a composite number?
True
Let c = 44 - 44. Let j be 24*9/12*4918/3. Is (c + -4 + 2)*j/(-24) prime?
True
Let p be (-998)/(-3)*(-117)/(-78). Let u = -245 + p. Is u a composite number?
True
Let y(m) = 59*m**2 + 297*m + 29. Is y(73) a composite number?
False
Let o(x) be the second derivative of x**5/10 - 4*x**4/3 + 17*x**3/6 - 11*x**2/2 + 18*x. Is o(12) a prime number?
False
Let i(v) be the third derivative of 57*v**5/20 + v**4/4 - 5*v**3/6 + 19*v**2. Let r be i(5). Suppose 4*b = m - 5*m + r, m - 1083 = b. Is m a prime number?
False
Let w = -746 - -787. Suppose -w*z + 150051 = -8*z. Is z prime?
True
Suppose -1742 = 5*r + 6243. Let t be (54/5)/((-8)/(-20)). Is r/3*t/(-9) composite?
False
Suppose -97*b + 144479814 + 10774612 = 172*b. Is b a prime number?
False
Suppose -4*q = 3*n - 922817, 230678 = q + 3976*n - 3979*n. Is q a composite number?
True
Is 2*(-24)/(-64)*508 a prime number?
False
Let g(m) = m**3 + 52*m**2 + 54*m + 39. Is g(-44) composite?
False
Let k = 48 + -44. Let o be k/(-6) + 3 + 3/(-9). Suppose 0*q + q - 1783 = -o*z, -15 = -3*q. Is z a composite number?
True
Is -1205*81543/(-287) + (-8)/(-164) a composite number?
True
Let z be (3/9)/((-2)/(-36)). Suppose -3*w + 4504 + 5741 = 0. Suppose -t - w = -z*t. Is t a composite number?
False
Let j = 1170750 - 731735. Is j a composite number?
True
Let y = -1 + -217. Let z = -1175 + 738. Let o = y - z. Is o composite?
True
Suppose t + 4 = -4*m - 0*t, -5*m - 5 = 3*t. Is 1824 - (3 + m) - (-35 - -38) a prime number?
False
Let l be 1/(2/(-212))*(-1617)/(-154). Let f = 1654 + l. Is f a composite number?
False
Suppose 104 = -172*b + 180*b. Suppose -3*k - b*p + 17*p + 14855 = 0, 2*k - 9922 = -2*p. Is k a composite number?
False
Let z = -1116 + 7231. Suppose 7*v + z = 2*r + 10*v, 4*r = 5*v + 12197. Is r composite?
True
Suppose -17*t + 15*t - 8 = 0. Let h(k) = 16*k**2 - k - 1. Is h(t) a composite number?
True
Suppose 2*r - 5*j - 795762 = 0, 0 = 5*r - 27*j + 26*j - 1989313. Is r prime?
False
Suppose -241*b + 245*b + 5*x - 60528 = 0, -3*b = 4*x - 45397. Is b composite?
True
Suppose 0 = 341*o - 338*o - 11790. Let q = o + -2531. Is q composite?
False
Let z = -26567 - -47478. Is z composite?
True
Suppose 0*g + 4*g - 49338 = -2*o, -419605 = -17*o - 5*g. Is o composite?
True
Let p = 4